{"id":102,"date":"2023-01-11T10:22:52","date_gmt":"2023-01-11T10:22:52","guid":{"rendered":"https:\/\/soutien-scolaire.advancepro.nc\/?page_id=102"},"modified":"2023-01-16T09:01:00","modified_gmt":"2023-01-16T09:01:00","slug":"inscription","status":"publish","type":"page","link":"https:\/\/soutien-scolaire.advancepro.nc\/?page_id=102","title":{"rendered":"Inscription"},"content":{"rendered":"\n<div class=\"wp-block-contact-form-7-contact-form-selector\">\n<div class=\"wpcf7 no-js\" id=\"wpcf7-f100-o1\" lang=\"fr-FR\" dir=\"ltr\" data-wpcf7-id=\"100\">\n<div class=\"screen-reader-response\"><p role=\"status\" aria-live=\"polite\" aria-atomic=\"true\"><\/p> <ul><\/ul><\/div>\n<form action=\"\/index.php?rest_route=%2Fwp%2Fv2%2Fpages%2F102#wpcf7-f100-o1\" method=\"post\" class=\"wpcf7-form init\" aria-label=\"Formulaire de contact\" enctype=\"multipart\/form-data\" novalidate=\"novalidate\" data-status=\"init\">\n<fieldset class=\"hidden-fields-container\"><input type=\"hidden\" name=\"_wpcf7\" value=\"100\" \/><input type=\"hidden\" name=\"_wpcf7_version\" value=\"6.1.5\" \/><input type=\"hidden\" name=\"_wpcf7_locale\" value=\"fr_FR\" \/><input type=\"hidden\" name=\"_wpcf7_unit_tag\" value=\"wpcf7-f100-o1\" \/><input type=\"hidden\" name=\"_wpcf7_container_post\" value=\"0\" \/><input type=\"hidden\" name=\"_wpcf7_posted_data_hash\" value=\"\" \/>\n<\/fieldset>\n<p><label> ELEVE : <\/label><br \/>\n<label> <\/label><br \/>\n<label> Nom<br \/>\n<span class=\"wpcf7-form-control-wrap\" data-name=\"your-lastname\"><input size=\"40\" maxlength=\"400\" class=\"wpcf7-form-control wpcf7-text wpcf7-validates-as-required\" autocomplete=\"name\" aria-required=\"true\" aria-invalid=\"false\" value=\"\" type=\"text\" name=\"your-lastname\" \/><\/span> <\/label>\n<\/p>\n<p><label> Pr\u00e9nom<br \/>\n<span class=\"wpcf7-form-control-wrap\" data-name=\"your-firstname\"><input size=\"40\" maxlength=\"400\" class=\"wpcf7-form-control wpcf7-text wpcf7-validates-as-required\" autocomplete=\"name\" aria-required=\"true\" aria-invalid=\"false\" value=\"\" type=\"text\" name=\"your-firstname\" \/><\/span> <\/label>\n<\/p>\n<p><label> Date de naissance<br \/>\n<span class=\"wpcf7-form-control-wrap\" data-name=\"Datedenaissance\"><input class=\"wpcf7-form-control wpcf7-date wpcf7-validates-as-required wpcf7-validates-as-date\" min=\"1982-01-01\" aria-required=\"true\" aria-invalid=\"false\" value=\"\" type=\"date\" name=\"Datedenaissance\" \/><\/span> <\/label>\n<\/p>\n<p><label> E-mail<br \/>\n<span class=\"wpcf7-form-control-wrap\" data-name=\"your-email\"><input size=\"40\" maxlength=\"400\" class=\"wpcf7-form-control wpcf7-email wpcf7-text wpcf7-validates-as-email\" autocomplete=\"email\" aria-invalid=\"false\" value=\"\" type=\"email\" name=\"your-email\" \/><\/span> <\/label>\n<\/p>\n<p><label> T\u00e9l\u00e9phone<br \/>\n<span class=\"wpcf7-form-control-wrap\" data-name=\"tel-786\"><input size=\"40\" maxlength=\"400\" class=\"wpcf7-form-control wpcf7-tel wpcf7-text wpcf7-validates-as-tel\" aria-invalid=\"false\" placeholder=\"+687\" value=\"\" type=\"tel\" name=\"tel-786\" \/><\/span> <\/label>\n<\/p>\n<p><label> Classe en 2024<br \/>\n<span class=\"wpcf7-form-control-wrap\" data-name=\"menu-139\"><select class=\"wpcf7-form-control wpcf7-select wpcf7-validates-as-required\" aria-required=\"true\" aria-invalid=\"false\" name=\"menu-139\"><option value=\"\">&#8212;Veuillez choisir une option&#8212;<\/option><option value=\"CP\">CP<\/option><option value=\"CE1\">CE1<\/option><option value=\"CE2\">CE2<\/option><option value=\"CM1\">CM1<\/option><option value=\"CM2\">CM2<\/option><option value=\"6e\">6e<\/option><option value=\"5e\">5e<\/option><option value=\"4e\">4e<\/option><option value=\"3e\">3e<\/option><option value=\"2de\">2de<\/option><option value=\"1re\">1re<\/option><option value=\"Terminale\">Terminale<\/option><option value=\"Sup\u00e9rieur\">Sup\u00e9rieur<\/option><option value=\"Concours\">Concours<\/option><\/select><\/span> <\/label>\n<\/p>\n<p><label> Etablissement<br \/>\n<span class=\"wpcf7-form-control-wrap\" data-name=\"Etablissement\"><input size=\"40\" maxlength=\"400\" class=\"wpcf7-form-control wpcf7-text wpcf7-validates-as-required\" aria-required=\"true\" aria-invalid=\"false\" value=\"\" type=\"text\" name=\"Etablissement\" \/><\/span> <\/label>\n<\/p>\n<p><label> <\/label><br \/>\n<label> <\/label>\n<\/p>\n<p><label> RESPONSABLE 1 (Obligatoire) <\/label>\n<\/p>\n<p><label> <\/label>\n<\/p>\n<p><label> Nom<br \/>\n<span class=\"wpcf7-form-control-wrap\" data-name=\"your-lastname1\"><input size=\"40\" maxlength=\"400\" class=\"wpcf7-form-control wpcf7-text wpcf7-validates-as-required\" aria-required=\"true\" aria-invalid=\"false\" value=\"\" type=\"text\" name=\"your-lastname1\" \/><\/span> <\/label>\n<\/p>\n<p><label> Pr\u00e9nom<br \/>\n<span class=\"wpcf7-form-control-wrap\" data-name=\"your-firsttname1\"><input size=\"40\" maxlength=\"400\" class=\"wpcf7-form-control wpcf7-text wpcf7-validates-as-required\" aria-required=\"true\" aria-invalid=\"false\" value=\"\" type=\"text\" name=\"your-firsttname1\" \/><\/span> <\/label>\n<\/p>\n<p><label> E-mail<br \/>\n<span class=\"wpcf7-form-control-wrap\" data-name=\"your-email1\"><input size=\"40\" maxlength=\"400\" class=\"wpcf7-form-control wpcf7-email wpcf7-validates-as-required wpcf7-text wpcf7-validates-as-email\" aria-required=\"true\" aria-invalid=\"false\" value=\"\" type=\"email\" name=\"your-email1\" \/><\/span> <\/label>\n<\/p>\n<p><label> T\u00e9l\u00e9phone<br \/>\n<span class=\"wpcf7-form-control-wrap\" data-name=\"tel1-786\"><input size=\"40\" maxlength=\"400\" class=\"wpcf7-form-control wpcf7-tel wpcf7-validates-as-required wpcf7-text wpcf7-validates-as-tel\" aria-required=\"true\" aria-invalid=\"false\" placeholder=\"+687\" value=\"\" type=\"tel\" name=\"tel1-786\" \/><\/span> <\/label>\n<\/p>\n<p><label> <\/label><br \/>\n<label> <\/label>\n<\/p>\n<p><label> RESPONSABLE 2 (Non obligatoire)<\/label>\n<\/p>\n<p><label> <\/label>\n<\/p>\n<p><label> Nom<br \/>\n<span class=\"wpcf7-form-control-wrap\" data-name=\"your-lastname2\"><input size=\"40\" maxlength=\"400\" class=\"wpcf7-form-control wpcf7-text\" aria-invalid=\"false\" value=\"\" type=\"text\" name=\"your-lastname2\" \/><\/span> <\/label>\n<\/p>\n<p><label> Pr\u00e9nom<br \/>\n<span class=\"wpcf7-form-control-wrap\" data-name=\"your-firsttname2\"><input size=\"40\" maxlength=\"400\" class=\"wpcf7-form-control wpcf7-text\" aria-invalid=\"false\" value=\"\" type=\"text\" name=\"your-firsttname2\" \/><\/span> <\/label>\n<\/p>\n<p><label> E-mail<br \/>\n<span class=\"wpcf7-form-control-wrap\" data-name=\"your-email2\"><input size=\"40\" maxlength=\"400\" class=\"wpcf7-form-control wpcf7-email wpcf7-text wpcf7-validates-as-email\" aria-invalid=\"false\" value=\"\" type=\"email\" name=\"your-email2\" \/><\/span> <\/label>\n<\/p>\n<p><label> T\u00e9l\u00e9phone<br \/>\n<span class=\"wpcf7-form-control-wrap\" data-name=\"tel2-786\"><input size=\"40\" maxlength=\"400\" class=\"wpcf7-form-control wpcf7-tel wpcf7-text wpcf7-validates-as-tel\" aria-invalid=\"false\" placeholder=\"+687\" value=\"\" type=\"tel\" name=\"tel2-786\" \/><\/span> <\/label>\n<\/p>\n<p><label> Compl\u00e9ments (divers)<br \/>\n<span class=\"wpcf7-form-control-wrap\" data-name=\"your-message\"><textarea cols=\"40\" rows=\"10\" maxlength=\"2000\" class=\"wpcf7-form-control wpcf7-textarea\" aria-invalid=\"false\" name=\"your-message\"><\/textarea><\/span> <\/label>\n<\/p>\n<p><span class=\"wpcf7-form-control-wrap\" data-name=\"file-44\"><input size=\"40\" class=\"wpcf7-form-control wpcf7-file\" accept=\"audio\/*,video\/*,image\/*\" aria-invalid=\"false\" type=\"file\" name=\"file-44\" \/><\/span>\n<\/p>\n<p><span class=\"wpcf7-form-control-wrap\" data-name=\"Newsletters\"><span class=\"wpcf7-form-control wpcf7-checkbox\"><span class=\"wpcf7-list-item first last\"><span class=\"wpcf7-list-item-label\">Souhaitez-vous recevoir nos offres et Newsletter par mail?<\/span><input type=\"checkbox\" name=\"Newsletters[]\" value=\"Souhaitez-vous recevoir nos offres et Newsletter par mail?\" \/><\/span><\/span><\/span>\n<\/p>\n<p><input class=\"wpcf7-form-control wpcf7-submit has-spinner\" type=\"submit\" value=\"Envoyer\" \/>\n<\/p><p style=\"display: none !important;\" class=\"akismet-fields-container\" data-prefix=\"_wpcf7_ak_\"><label>&#916;<textarea name=\"_wpcf7_ak_hp_textarea\" cols=\"45\" rows=\"8\" maxlength=\"100\"><\/textarea><\/label><input type=\"hidden\" id=\"ak_js_1\" name=\"_wpcf7_ak_js\" value=\"36\"\/><script>\ndocument.getElementById( \"ak_js_1\" ).setAttribute( \"value\", ( new Date() ).getTime() );\n<\/script>\n<\/p><div class=\"wpcf7-response-output\" aria-hidden=\"true\"><\/div>\n<\/form>\n<\/div>\n<\/div>\n\n\n\n<hr class=\"wp-block-separator has-alpha-channel-opacity is-style-wide\"\/>\n\n\n\n<p class=\"has-small-font-size\">Vos informations personnelles recueillies par notre formulaire font l\u2019objet d\u2019un traitement destin\u00e9 \u00e0 Cours Omega NC. Le traitement de vos donn\u00e9es a pour finalit\u00e9 la gestion d&rsquo;inscription et l\u2019envoi des informations n\u00e9cessaires \u00e0 votre inscription d\u00e9finitive dans l&rsquo;\u00e9cole de soutien scolaire. Ces informations sont destin\u00e9es aux services administratifs pour les suites de votre inscription. Elles sont conserv\u00e9es le temps n\u00e9cessaire \u00e0 leur finalit\u00e9. Vous b\u00e9n\u00e9ficiez d\u2019un droit d\u2019acc\u00e8s, de rectification, de portabilit\u00e9, d\u2019effacement de celles-ci ou une limitation du traitement. Vous pouvez vous opposer au traitement des donn\u00e9es vous concernant et vous disposez du droit de retirer votre consentement \u00e0 tout moment en vous adressant \u00e0 :\u00a0<a href=\"mailto:cours.omega@gmail.com\">cours.omega@gmail.com<\/a>. Vous avez la possibilit\u00e9 d\u2019introduire une r\u00e9clamation aupr\u00e8s de la CNIL.<\/p>\n","protected":false},"excerpt":{"rendered":"<p>Vos informations personnelles recueillies par notre formulaire font l\u2019objet d\u2019un traitement destin\u00e9 \u00e0 Cours Omega NC. Le traitement de vos donn\u00e9es a pour finalit\u00e9 la gestion d&rsquo;inscription et l\u2019envoi des informations n\u00e9cessaires \u00e0 votre inscription d\u00e9finitive dans l&rsquo;\u00e9cole de soutien scolaire. Ces informations sont destin\u00e9es aux services administratifs pour les suites de votre inscription. Elles [&hellip;]<\/p>\n","protected":false},"author":1,"featured_media":0,"parent":0,"menu_order":0,"comment_status":"closed","ping_status":"closed","template":"","meta":{"footnotes":""},"class_list":["post-102","page","type-page","status-publish","hentry"],"yoast_head":"<!-- This site is optimized with the Yoast SEO plugin v27.6 - https:\/\/yoast.com\/product\/yoast-seo-wordpress\/ -->\n<title>Inscription - Cours Omega NC<\/title>\n<meta name=\"robots\" content=\"noindex, nofollow\" \/>\n<meta property=\"og:locale\" content=\"fr_FR\" \/>\n<meta property=\"og:type\" content=\"article\" \/>\n<meta property=\"og:title\" content=\"Inscription - Cours Omega NC\" \/>\n<meta property=\"og:description\" content=\"Vos informations personnelles recueillies par notre formulaire font l\u2019objet d\u2019un traitement destin\u00e9 \u00e0 Cours Omega NC. Le traitement de vos donn\u00e9es a pour finalit\u00e9 la gestion d&rsquo;inscription et l\u2019envoi des informations n\u00e9cessaires \u00e0 votre inscription d\u00e9finitive dans l&rsquo;\u00e9cole de soutien scolaire. Ces informations sont destin\u00e9es aux services administratifs pour les suites de votre inscription. Elles [&hellip;]\" \/>\n<meta property=\"og:url\" content=\"https:\/\/soutien-scolaire.advancepro.nc\/?page_id=102\" \/>\n<meta property=\"og:site_name\" content=\"Cours Omega NC\" \/>\n<meta property=\"article:publisher\" content=\"https:\/\/fr-fr.facebook.com\/coursomegaNC\/\" \/>\n<meta property=\"article:modified_time\" content=\"2023-01-16T09:01:00+00:00\" \/>\n<meta name=\"twitter:card\" content=\"summary_large_image\" \/>\n<meta name=\"twitter:label1\" content=\"Dur\u00e9e de lecture estim\u00e9e\" \/>\n\t<meta name=\"twitter:data1\" content=\"1 minute\" \/>\n<script type=\"application\/ld+json\" class=\"yoast-schema-graph\">{\"@context\":\"https:\\\/\\\/schema.org\",\"@graph\":[{\"@type\":\"WebPage\",\"@id\":\"https:\\\/\\\/soutien-scolaire.advancepro.nc\\\/?page_id=102\",\"url\":\"https:\\\/\\\/soutien-scolaire.advancepro.nc\\\/?page_id=102\",\"name\":\"Inscription - Cours Omega NC\",\"isPartOf\":{\"@id\":\"https:\\\/\\\/soutien-scolaire.advancepro.nc\\\/#website\"},\"datePublished\":\"2023-01-11T10:22:52+00:00\",\"dateModified\":\"2023-01-16T09:01:00+00:00\",\"breadcrumb\":{\"@id\":\"https:\\\/\\\/soutien-scolaire.advancepro.nc\\\/?page_id=102#breadcrumb\"},\"inLanguage\":\"fr-FR\",\"potentialAction\":[{\"@type\":\"ReadAction\",\"target\":[\"https:\\\/\\\/soutien-scolaire.advancepro.nc\\\/?page_id=102\"]}]},{\"@type\":\"BreadcrumbList\",\"@id\":\"https:\\\/\\\/soutien-scolaire.advancepro.nc\\\/?page_id=102#breadcrumb\",\"itemListElement\":[{\"@type\":\"ListItem\",\"position\":1,\"name\":\"Accueil\",\"item\":\"https:\\\/\\\/soutien-scolaire.advancepro.nc\\\/\"},{\"@type\":\"ListItem\",\"position\":2,\"name\":\"Inscription\"}]},{\"@type\":\"WebSite\",\"@id\":\"https:\\\/\\\/soutien-scolaire.advancepro.nc\\\/#website\",\"url\":\"https:\\\/\\\/soutien-scolaire.advancepro.nc\\\/\",\"name\":\"My OMEGA\",\"description\":\"La r\u00e9ussite n&#039;attend que toi !\",\"publisher\":{\"@id\":\"https:\\\/\\\/soutien-scolaire.advancepro.nc\\\/#organization\"},\"potentialAction\":[{\"@type\":\"SearchAction\",\"target\":{\"@type\":\"EntryPoint\",\"urlTemplate\":\"https:\\\/\\\/soutien-scolaire.advancepro.nc\\\/?s={search_term_string}\"},\"query-input\":{\"@type\":\"PropertyValueSpecification\",\"valueRequired\":true,\"valueName\":\"search_term_string\"}}],\"inLanguage\":\"fr-FR\"},{\"@type\":\"Organization\",\"@id\":\"https:\\\/\\\/soutien-scolaire.advancepro.nc\\\/#organization\",\"name\":\"Cours Omega\",\"url\":\"https:\\\/\\\/soutien-scolaire.advancepro.nc\\\/\",\"logo\":{\"@type\":\"ImageObject\",\"inLanguage\":\"fr-FR\",\"@id\":\"https:\\\/\\\/soutien-scolaire.advancepro.nc\\\/#\\\/schema\\\/logo\\\/image\\\/\",\"url\":\"https:\\\/\\\/soutien-scolaire.advancepro.nc\\\/wp-content\\\/uploads\\\/2022\\\/12\\\/logo-Cours-Omega.jpg\",\"contentUrl\":\"https:\\\/\\\/soutien-scolaire.advancepro.nc\\\/wp-content\\\/uploads\\\/2022\\\/12\\\/logo-Cours-Omega.jpg\",\"width\":239,\"height\":202,\"caption\":\"Cours Omega\"},\"image\":{\"@id\":\"https:\\\/\\\/soutien-scolaire.advancepro.nc\\\/#\\\/schema\\\/logo\\\/image\\\/\"},\"sameAs\":[\"https:\\\/\\\/fr-fr.facebook.com\\\/coursomegaNC\\\/\"]}]}<\/script>\n<!-- \/ Yoast SEO plugin. -->","yoast_head_json":{"title":"Inscription - Cours Omega NC","robots":{"index":"noindex","follow":"nofollow"},"og_locale":"fr_FR","og_type":"article","og_title":"Inscription - Cours Omega NC","og_description":"Vos informations personnelles recueillies par notre formulaire font l\u2019objet d\u2019un traitement destin\u00e9 \u00e0 Cours Omega NC. Le traitement de vos donn\u00e9es a pour finalit\u00e9 la gestion d&rsquo;inscription et l\u2019envoi des informations n\u00e9cessaires \u00e0 votre inscription d\u00e9finitive dans l&rsquo;\u00e9cole de soutien scolaire. Ces informations sont destin\u00e9es aux services administratifs pour les suites de votre inscription. Elles [&hellip;]","og_url":"https:\/\/soutien-scolaire.advancepro.nc\/?page_id=102","og_site_name":"Cours Omega NC","article_publisher":"https:\/\/fr-fr.facebook.com\/coursomegaNC\/","article_modified_time":"2023-01-16T09:01:00+00:00","twitter_card":"summary_large_image","twitter_misc":{"Dur\u00e9e de lecture estim\u00e9e":"1 minute"},"schema":{"@context":"https:\/\/schema.org","@graph":[{"@type":"WebPage","@id":"https:\/\/soutien-scolaire.advancepro.nc\/?page_id=102","url":"https:\/\/soutien-scolaire.advancepro.nc\/?page_id=102","name":"Inscription - Cours Omega NC","isPartOf":{"@id":"https:\/\/soutien-scolaire.advancepro.nc\/#website"},"datePublished":"2023-01-11T10:22:52+00:00","dateModified":"2023-01-16T09:01:00+00:00","breadcrumb":{"@id":"https:\/\/soutien-scolaire.advancepro.nc\/?page_id=102#breadcrumb"},"inLanguage":"fr-FR","potentialAction":[{"@type":"ReadAction","target":["https:\/\/soutien-scolaire.advancepro.nc\/?page_id=102"]}]},{"@type":"BreadcrumbList","@id":"https:\/\/soutien-scolaire.advancepro.nc\/?page_id=102#breadcrumb","itemListElement":[{"@type":"ListItem","position":1,"name":"Accueil","item":"https:\/\/soutien-scolaire.advancepro.nc\/"},{"@type":"ListItem","position":2,"name":"Inscription"}]},{"@type":"WebSite","@id":"https:\/\/soutien-scolaire.advancepro.nc\/#website","url":"https:\/\/soutien-scolaire.advancepro.nc\/","name":"My OMEGA","description":"La r\u00e9ussite n&#039;attend que toi !","publisher":{"@id":"https:\/\/soutien-scolaire.advancepro.nc\/#organization"},"potentialAction":[{"@type":"SearchAction","target":{"@type":"EntryPoint","urlTemplate":"https:\/\/soutien-scolaire.advancepro.nc\/?s={search_term_string}"},"query-input":{"@type":"PropertyValueSpecification","valueRequired":true,"valueName":"search_term_string"}}],"inLanguage":"fr-FR"},{"@type":"Organization","@id":"https:\/\/soutien-scolaire.advancepro.nc\/#organization","name":"Cours Omega","url":"https:\/\/soutien-scolaire.advancepro.nc\/","logo":{"@type":"ImageObject","inLanguage":"fr-FR","@id":"https:\/\/soutien-scolaire.advancepro.nc\/#\/schema\/logo\/image\/","url":"https:\/\/soutien-scolaire.advancepro.nc\/wp-content\/uploads\/2022\/12\/logo-Cours-Omega.jpg","contentUrl":"https:\/\/soutien-scolaire.advancepro.nc\/wp-content\/uploads\/2022\/12\/logo-Cours-Omega.jpg","width":239,"height":202,"caption":"Cours Omega"},"image":{"@id":"https:\/\/soutien-scolaire.advancepro.nc\/#\/schema\/logo\/image\/"},"sameAs":["https:\/\/fr-fr.facebook.com\/coursomegaNC\/"]}]}},"_links":{"self":[{"href":"https:\/\/soutien-scolaire.advancepro.nc\/index.php?rest_route=\/wp\/v2\/pages\/102","targetHints":{"allow":["GET"]}}],"collection":[{"href":"https:\/\/soutien-scolaire.advancepro.nc\/index.php?rest_route=\/wp\/v2\/pages"}],"about":[{"href":"https:\/\/soutien-scolaire.advancepro.nc\/index.php?rest_route=\/wp\/v2\/types\/page"}],"author":[{"embeddable":true,"href":"https:\/\/soutien-scolaire.advancepro.nc\/index.php?rest_route=\/wp\/v2\/users\/1"}],"replies":[{"embeddable":true,"href":"https:\/\/soutien-scolaire.advancepro.nc\/index.php?rest_route=%2Fwp%2Fv2%2Fcomments&post=102"}],"version-history":[{"count":0,"href":"https:\/\/soutien-scolaire.advancepro.nc\/index.php?rest_route=\/wp\/v2\/pages\/102\/revisions"}],"wp:attachment":[{"href":"https:\/\/soutien-scolaire.advancepro.nc\/index.php?rest_route=%2Fwp%2Fv2%2Fmedia&parent=102"}],"curies":[{"name":"wp","href":"https:\/\/api.w.org\/{rel}","templated":true}]}}